 m be g/((-2)/(-4*1)). What is the highest common factor of 220 and m?
20
Let k(y) = -y + 10. Let t be k(7). Let c be ((-15)/t)/(1/(-4)). Let a = -3 + c. Calculate the greatest common divisor of a and 34.
17
Let q = 15 + -5. What is the greatest common divisor of q and 10?
10
Let r(w) = -w**2 + w. Let x be r(0). Let t = 12 - x. What is the greatest common divisor of 6 and t?
6
Suppose -4*n + 26 = -54. Suppose 3*x - n = x. Calculate the greatest common divisor of x and 5.
5
Suppose -2*n + 5*k + 7 = 0, 3*n - 2*k - 29 + 2 = 0. Calculate the greatest common divisor of n and 33.
11
Suppose 0*m + 10*m = 130. What is the greatest common factor of m and 39?
13
Suppose 114 = -0*m + 6*m. Suppose 0 = -3*w + 2*w + 152. What is the greatest common factor of w and m?
19
Suppose -3*f + 253 - 64 = 0. Calculate the highest common factor of 7 and f.
7
Suppose -36 = -3*u + 12. Suppose -5*q - l + 33 = -4*l, 0 = 4*l - u. Suppose 3*o + 7 - 1 = 0, -5*v - 3*o + q = 0. What is the greatest common divisor of 1 and v?
1
Let x be (3 - 0) + (58 - -2). What is the highest common divisor of x and 7?
7
Suppose 0 = 2*z + 4*r - 21 - 183, -542 = -5*z - 2*r. Calculate the greatest common factor of 10 and z.
10
Let n = 127 + -105. Calculate the greatest common divisor of 11 and n.
11
Let a(y) = 6*y. Let k be a(7). Calculate the greatest common divisor of 6 and k.
6
Let p be 0 + -19*(-12)/(-3). Let s be p/(-18) + (-10)/45. Suppose -5*i = -20, 2*x - i + 28 = s*x. Calculate the highest common divisor of x and 12.
12
Let v = -4 - -2. Let g be 2*v/4 + 16. Let o(y) = 106*y**3 - 1. Let m be o(1). Calculate the greatest common factor of g and m.
15
Let b(k) = -k**3 + 11*k**2 + 6*k. Let c be b(5). Calculate the highest common factor of c and 20.
20
Let h(i) = -8 + 18 - 7 - 9 + 4*i. Let f be -1*2/6*-15. Let x be h(f). What is the greatest common divisor of 112 and x?
14
Let x(v) = 3*v + 6. Let a be x(5). Suppose 3*t + 3*l = a + 21, 3*t = 4*l + 28. What is the greatest common factor of t and 60?
12
Let c(y) = 3*y - 11. Let p be c(6). Let g = p + 10. What is the greatest common divisor of g and 102?
17
Let o(w) = -w + 1. Let y be o(1). Suppose 99 = -y*n + n. What is the highest common divisor of n and 11?
11
Let k = 135 + -91. What is the highest common divisor of 4 and k?
4
Suppose 6 = -4*u + 2*u. Let h = u + 6. What is the highest common divisor of 2 and h?
1
Let g be (-16)/72 + 650/9. Calculate the greatest common factor of 90 and g.
18
Let p(r) = -5*r + 5. Let z be p(5). Suppose -m + 2*m + 11 = 0. Let l = m - z. What is the highest common factor of l and 81?
9
Suppose 43 = 5*z - 3*t - 41, 0 = 4*z + 5*t - 82. Let m(w) = -w + 31. Let g be m(19). Calculate the greatest common divisor of g and z.
6
Suppose -4*u + 6*c = c + 11, -5*u = 5*c - 20. Let t be -2 + 139 + (-3)/1. Let s be (-2)/12 + t/12. What is the greatest common factor of s and u?
1
Suppose 0 = 4*m + 34 + 14. Let n = 7 + m. Let w(y) = -15*y - 5. Let q be w(n). Calculate the greatest common factor of 14 and q.
14
Let z(f) = -f**2 + 5*f - 2. Let s be z(4). Let b be 3/2 + (-203)/(-14). What is the highest common divisor of b and s?
2
Suppose 0*v = -3*j - 3*v + 36, -4*v = 5*j - 62. Calculate the greatest common factor of j and 35.
7
Suppose -4*k + 0 = 4. Let p be (k/2)/(2/(-156)). Suppose -4*g = -92 - 12. What is the greatest common divisor of g and p?
13
Let i(x) = x + 2. Let t be i(2). Let m = t + -2. Suppose 4*w - 28 = -4*b, 4*w + 3 = w + 3*b. What is the greatest common divisor of m and w?
1
Let y = -57 - -105. Let q = 1 + 5. What is the highest common divisor of q and y?
6
Let z be (-63)/2*(-78)/13. What is the greatest common factor of 21 and z?
21
Suppose -v = -6 + 3, 2*c + 2*v = 44. What is the greatest common divisor of c and 209?
19
Let k(x) = 100*x**2 - x + 1. Let f(c) = -c + 5. Let q be f(4). Let n be k(q). Calculate the highest common divisor of 10 and n.
10
Suppose 2*b = 6*b - 24. Suppose 5*n - b*n + 6 = 0. What is the greatest common divisor of 15 and n?
3
Let x = -1 - 10. Let m(r) = r**2 + 11*r + 5. Let y be m(x). What is the greatest common divisor of y and 55?
5
Let f = 3 + 41. Let u = 64 - f. Let c = 19 - -11. Calculate the greatest common divisor of u and c.
10
Suppose -2*d = -87 + 3. Let a(v) = -v**2 - 11*v - 3. Let w be a(-8). Let o = w + -15. What is the greatest common factor of o and d?
6
Let z = -3 - -7. Suppose 2*w + 0*w + z*y = 18, 2*w = -2*y + 16. Let c = 217 - 154. Calculate the highest common divisor of w and c.
7
Let x = -8 - -18. Let f = 16 - 3. Let y = -8 + f. What is the highest common factor of y and x?
5
Suppose 50 = 3*k + 2*k. Suppose -3*h + 18 = -o, -3 + 29 = 4*h - 2*o. What is the highest common factor of h and k?
5
Let v = -60 - -70. What is the highest common factor of v and 110?
10
Let t(k) = -k**3 - 12*k**2 - 16*k - 4. Let j be t(-11). Calculate the greatest common divisor of 17 and j.
17
Let i(k) = 4 + 3*k + 2*k - 3 + 71*k. Let o be i(2). What is the greatest common divisor of o and 17?
17
Suppose -2*g + 6*g - 2*u - 30 = 0, -3*u = 3*g - 36. Suppose 2*n = h - 4, g*h - 4*h - 5*n = 20. What is the greatest common divisor of h and 16?
4
Let p = -33 + 53. Calculate the greatest common factor of 220 and p.
20
Suppose 0*l - 10 = -5*l. Suppose -2*g - 6 = -i - 1, -10 = -l*g - 4*i. Let u be ((-16)/56)/(g/7). Calculate the greatest common factor of 8 and u.
2
Suppose -2*l = l + 12. Let q = -2 + l. Let i(w) = -3*w - 5. Let t be i(q). What is the highest common divisor of 65 and t?
13
Let n(r) = 3*r**2 - 14*r - 10. Let g be n(6). Let l(c) = c**2 + 2*c - 1. Let y be l(-3). Suppose v + 56 = y*v. Calculate the greatest common divisor of v and g.
14
Suppose -20*h + 594 = -2*h. What is the greatest common divisor of h and 88?
11
Let g be 0 + 1 + (-1 - 0). Let f(r) = 7*r - 22. Let l be f(7). Suppose g = 2*w - l + 7. What is the highest common factor of 5 and w?
5
Suppose -2*j + 14 = -0. Let d(x) = -x**2 + 5*x + 2. Let u be d(j). Let i be (-280)/u - 4/(-6). Calculate the highest common factor of 16 and i.
8
Let n be (-3 - -1)/(1/(-1)). Let w be n/5 + 236/10. Calculate the greatest common factor of 36 and w.
12
Suppose -7 = -3*i + 2. Suppose -i*t - 160 = -7*t. What is the highest common divisor of t and 10?
10
Let k = -6 + 9. Let f(i) = k*i + 29*i - 2*i + 22*i. Let b be f(2). Calculate the highest common divisor of 13 and b.
13
Let w = -271 - -392. Let m = -26 + 37. Calculate the greatest common divisor of w and m.
11
Suppose -3*o = -2*c + 5*c + 60, -5*o = -4*c + 82. Let b be 5/((-15)/o) - -2. Suppose b + 22 = 3*v. What is the greatest common factor of 4 and v?
2
Let z(v) = 5*v - 16. Let b be z(4). What is the highest common factor of 32 and b?
4
Let i(m) be the second derivative of -m**5/20 - 3*m**4/4 - m**3/2 - 11*m**2/2 + 3*m. Let g be i(-9). Calculate the greatest common factor of 64 and g.
16
Suppose 8*m = 3*m + 3*f - 368, 4*f + 361 = -5*m. Suppose 151 - 837 = -5*j + 4*i, 3*i = 2*j - 273. Let r = m + j. What is the highest common divisor of r and 13?
13
Let l = 0 + 0. Let x be 6/4*-24 - l. Let d = 0 - x. Calculate the greatest common factor of d and 12.
12
Suppose k + 4*k - 19 = 4*f, -2 = k + 5*f. Suppose 24 = 5*w - 2*u, -k*w - 2*u = -5*w + 6. What is the greatest common factor of w and 48?
6
Suppose -4*d - 12 = -m, -5*m + 2*d = -4 - 2. Suppose m*s = 3*s - 6. Calculate the highest common factor of 1 and s.
1
Let n be (-1074)/(-15) - 4/(-10). Suppose -4*x + 4 + 12 = 0. Suppose -30 - 6 = -x*w. What is the greatest common factor of n and w?
9
Let z be (-2)/9 - (-2660)/63. Calculate the highest common factor of z and 28.
14
Let y be (-65)/(-3) + 2/6. Calculate the greatest common factor of 55 and y.
11
Suppose 5*c + 65 = 4*n, n + 2*c + 5 = -c. Calculate the highest common divisor of n and 50.
10
Suppose g = 5*h + 3*g - 70, -5*h - 3*g = -65. What is the greatest common factor of 16 and h?
16
Let f(l) = 55*l**3 - 2*l - 1. Let p be f(-1). Let n be (-1470)/p + (-2)/9. What is the greatest common divisor of n and 9?
9
Suppose g = 4*g + 5*s - 147, 4*s - 12 = 0. Let t(m) be the first derivative of m**2 - 12*m - 1. Let f be t(8). What is the highest common divisor of g and f?
4
Suppose -2*a = -d - 5*a + 96, 2*d = -a + 182. Calculate the greatest common divisor of d and 10.
10
Let q be 2/(-9) + (254/9 - -3). What 